{"id":104,"date":"2015-02-14T12:16:25","date_gmt":"2015-02-14T12:16:25","guid":{"rendered":"http:\/\/www.etfos.unios.hr\/ijeces-test\/?page_id=104"},"modified":"2017-03-23T08:04:46","modified_gmt":"2017-03-23T08:04:46","slug":"vol1-no1-2-2010","status":"publish","type":"page","link":"http:\/\/www.etfos.unios.hr\/ijeces\/vol1-no1-2-2010\/","title":{"rendered":"Vol 1, No 1 (2010)"},"content":{"rendered":"<p><div  class=\"fusion-fullwidth fullwidth-box nonhundred-percent-fullwidth\"  style='background-color: rgba(255,255,255,0);background-position: left top;background-repeat: no-repeat;padding-top:20px;padding-right:0px;padding-bottom:20px;padding-left:0px;border-top-width:0px;border-bottom-width:0px;border-color:#eae9e9;border-top-style:;border-bottom-style:;'><div class=\"fusion-builder-row fusion-row \"><div  class=\"fusion-layout-column fusion_builder_column fusion_builder_column_1_1  fusion-one-full fusion-column-first fusion-column-last fusion-column-no-min-height 1_1\"  style='margin-top:0px;margin-bottom:0px;'>\n\t\t\t<div class=\"fusion-column-wrapper\" style=\"background-position:left top;background-repeat:no-repeat;-webkit-background-size:cover;-moz-background-size:cover;-o-background-size:cover;background-size:cover;\"  data-bg-url=\"\">\n\t\t\t\t<div class=\"fusion-title title fusion-title-size-two\" style=\"margin-top:0px;margin-bottom:31px;\"><h2 class=\"title-heading-left\">Vol 1, No 1<\/h2><div class=\"title-sep-container\"><div class=\"title-sep sep-single sep-dashed\" style=\"border-color:#1e73be;\"><\/div><\/div><\/div><div class=\"fusion-clearfix\"><\/div>\n\n\t\t\t<\/div>\n\t\t<\/div><\/div><\/div><div  class=\"fusion-fullwidth fullwidth-box hundred-percent-fullwidth\"  style='background-color: rgba(255,255,255,0);background-position: center center;background-repeat: no-repeat;padding-top:0px;padding-right:0px;padding-bottom:0px;padding-left:0px;'><div class=\"fusion-builder-row fusion-row \"><div  class=\"fusion-layout-column fusion_builder_column fusion_builder_column_1_3  fusion-one-third fusion-column-first 1_3\"  style='margin-top:0px;margin-bottom:20px;width:30.6666%; margin-right: 4%;'>\n\t\t\t<div class=\"fusion-column-wrapper\" style=\"background-position:left top;background-repeat:no-repeat;-webkit-background-size:cover;-moz-background-size:cover;-o-background-size:cover;background-size:cover;\"  data-bg-url=\"\">\n\t\t\t\t<span class=\"fusion-imageframe imageframe-none imageframe-1 hover-type-none\"><img loading=\"lazy\" src=\"http:\/\/www.etfos.unios.hr\/ijeces\/wp-content\/uploads\/2015\/02\/01a-295x300.jpg\" width=\"295\" height=\"300\" alt=\"\" title=\"01a\" class=\"img-responsive wp-image-98\"\/><\/span><div class=\"fusion-clearfix\"><\/div>\n\n\t\t\t<\/div>\n\t\t<\/div><div  class=\"fusion-layout-column fusion_builder_column fusion_builder_column_2_3  fusion-two-third fusion-column-last 2_3\"  style='margin-top:0px;margin-bottom:20px;width:65.3333%'>\n\t\t\t<div class=\"fusion-column-wrapper\" style=\"background-position:left top;background-repeat:no-repeat;-webkit-background-size:cover;-moz-background-size:cover;-o-background-size:cover;background-size:cover;\"  data-bg-url=\"\">\n\t\t\t\t<table style=\"height: 280px;\" border=\"0\" width=\"731\">\n<tbody>\n<tr>\n<td width=\"44\"><a href=\"http:\/\/www.etfos.unios.hr\/ijeces\/wp-content\/uploads\/pappers\/ijeces_vol_1_no_1_01.pdf\" target=\"_blank\"><div class=\"alignleft\"><i class=\"fa fontawesome-icon fa-download circle-yes\" style=\"background-color:#1e73be;font-size:8.8px;line-height:17.6px;height:17.6px;width:17.6px;margin-right:5px;color:#ffffff;\"><\/i><\/div><\/a><\/td>\n<td width=\"500\"><strong><a href=\"http:\/\/www.etfos.unios.hr\/ijeces\/vol-1-no-1-2010\/integrodifferential-equations-for-multiscale-wavelet-shrinkage-the-discrete-case\/\">Integrodifferential Equations for Multiscale Wavelet Shrinkage: The Discrete Case<\/a><br \/>\n<\/strong><em>Stephan Didas, Gabriele Steidl, Joachim Weickert<\/em><\/td>\n<td style=\"text-align: right;\" width=\"37\"><strong>1-17<\/strong><\/td>\n<\/tr>\n<tr>\n<td><a href=\"http:\/\/www.etfos.unios.hr\/ijeces\/wp-content\/uploads\/pappers\/ijeces_vol_1_no_1_02.pdf\" target=\"_blank\"><div class=\"alignleft\"><i class=\"fa fontawesome-icon fa-download circle-yes\" style=\"background-color:#1e73be;font-size:8.8px;line-height:17.6px;height:17.6px;width:17.6px;margin-right:5px;color:#ffffff;\"><\/i><\/div><\/a><\/td>\n<td><strong><a href=\"http:\/\/www.etfos.unios.hr\/ijeces\/vol-1-no-1-2010\/advanced-scientific-visualization-a-multidisciplinary-technology-based-on-engineering-and-computer-science\/\">Advanced Scientific Visualization, a Multidisciplinary Technology Based on Engineering and Computer Science<\/a><br \/>\n<\/strong><em>Dean Vu\u010dini\u0107<\/em><\/td>\n<td style=\"text-align: right;\"><strong>19-29<\/strong><\/td>\n<\/tr>\n<tr>\n<td><a href=\"http:\/\/www.etfos.unios.hr\/ijeces\/wp-content\/uploads\/pappers\/ijeces_vol_1_no_1_03.pdf\" target=\"_blank\"><div class=\"alignleft\"><i class=\"fa fontawesome-icon fa-download circle-yes\" style=\"background-color:#1e73be;font-size:8.8px;line-height:17.6px;height:17.6px;width:17.6px;margin-right:5px;color:#ffffff;\"><\/i><\/div><\/a><\/td>\n<td><strong><a href=\"http:\/\/www.etfos.unios.hr\/ijeces\/vol-1-no-1-2010\/radiation-pattern-of-a-waveguideantenna-arrays-on-spherical-surface-experimental-results\/\">Radiation Pattern of a Waveguide Antenna Arrays on Spherical Surface &#8211; Experimental Results<\/a><br \/>\n<\/strong><em>Slavko Rup\u010di\u0107, Vanja Mandri\u0107, Davor Vinko<\/em><\/td>\n<td style=\"text-align: right;\"><strong>31-36<\/strong><\/td>\n<\/tr>\n<tr>\n<td><a href=\"http:\/\/www.etfos.unios.hr\/ijeces\/wp-content\/uploads\/pappers\/ijeces_vol_1_no_1_04.pdf\" target=\"_blank\"><div class=\"alignleft\"><i class=\"fa fontawesome-icon fa-download circle-yes\" style=\"background-color:#1e73be;font-size:8.8px;line-height:17.6px;height:17.6px;width:17.6px;margin-right:5px;color:#ffffff;\"><\/i><\/div><\/a><\/td>\n<td><strong><a title=\"WSN Implementation in the Greenhouse Environment Using Mobile Measuring Station\" href=\"http:\/\/www.etfos.unios.hr\/ijeces\/vol-1-no-1-2010\/wsn-implementation-in-the-greenhouse-environment-using-mobile-measuring-station\/\">WSN Implementation in the Greenhouse Environment Using Mobile Measuring Station<\/a><br \/>\n<\/strong><em>Janos Simon, Goran Martinovi\u0107, Istv\u00e1n Matijevics <\/em><\/td>\n<td style=\"text-align: right;\"><strong>37-44<\/strong><\/td>\n<\/tr>\n<tr>\n<td><a href=\"http:\/\/www.etfos.unios.hr\/ijeces\/wp-content\/uploads\/pappers\/ijeces_vol_1_no_1_05.pdf\" target=\"_blank\"><div class=\"alignleft\"><i class=\"fa fontawesome-icon fa-download circle-yes\" style=\"background-color:#1e73be;font-size:8.8px;line-height:17.6px;height:17.6px;width:17.6px;margin-right:5px;color:#ffffff;\"><\/i><\/div><\/a><\/td>\n<td><strong><a title=\"Power Loss Minimizing Control of Cascaded Multilevel Inverter with Efficient Hybrid Carrier Based Space Vector Modulation\" href=\"http:\/\/www.etfos.unios.hr\/ijeces\/vol-1-no-1-2010\/power-loss-minimizing-control-of-cascaded-multilevel-inverter-with-efficient-hybrid-carrier-based-space-vector-modulation\/\">Power Loss Minimizing Control of Cascaded Multilevel Inverter<\/a><br \/>\n<a title=\"Power Loss Minimizing Control of Cascaded Multilevel Inverter with Efficient Hybrid Carrier Based Space Vector Modulation\" href=\"http:\/\/www.etfos.unios.hr\/ijeces\/vol-1-no-1-2010\/power-loss-minimizing-control-of-cascaded-multilevel-inverter-with-efficient-hybrid-carrier-based-space-vector-modulation\/\"> with Efficient Hybrid Carrier Based Space Vector Modulation<\/a><br \/>\n<\/strong><em>Govindaraju Chinnathambi, Baskaran Kaliaperumal <\/em><\/td>\n<td style=\"text-align: right;\"><strong>45-53<\/strong><\/td>\n<\/tr>\n<\/tbody>\n<\/table>\n<div class=\"fusion-clearfix\"><\/div>\n\n\t\t\t<\/div>\n\t\t<\/div><\/div><\/div><\/p>\n","protected":false},"excerpt":{"rendered":"","protected":false},"author":1,"featured_media":0,"parent":0,"menu_order":0,"comment_status":"open","ping_status":"open","template":"","meta":[],"_links":{"self":[{"href":"http:\/\/www.etfos.unios.hr\/ijeces\/wp-json\/wp\/v2\/pages\/104"}],"collection":[{"href":"http:\/\/www.etfos.unios.hr\/ijeces\/wp-json\/wp\/v2\/pages"}],"about":[{"href":"http:\/\/www.etfos.unios.hr\/ijeces\/wp-json\/wp\/v2\/types\/page"}],"author":[{"embeddable":true,"href":"http:\/\/www.etfos.unios.hr\/ijeces\/wp-json\/wp\/v2\/users\/1"}],"replies":[{"embeddable":true,"href":"http:\/\/www.etfos.unios.hr\/ijeces\/wp-json\/wp\/v2\/comments?post=104"}],"version-history":[{"count":55,"href":"http:\/\/www.etfos.unios.hr\/ijeces\/wp-json\/wp\/v2\/pages\/104\/revisions"}],"predecessor-version":[{"id":1100,"href":"http:\/\/www.etfos.unios.hr\/ijeces\/wp-json\/wp\/v2\/pages\/104\/revisions\/1100"}],"wp:attachment":[{"href":"http:\/\/www.etfos.unios.hr\/ijeces\/wp-json\/wp\/v2\/media?parent=104"}],"curies":[{"name":"wp","href":"https:\/\/api.w.org\/{rel}","templated":true}]}}