{"id":1266,"date":"2017-12-14T11:45:57","date_gmt":"2017-12-14T11:45:57","guid":{"rendered":"http:\/\/www.etfos.unios.hr\/ijeces\/?page_id=1266"},"modified":"2017-12-14T11:45:57","modified_gmt":"2017-12-14T11:45:57","slug":"vol-8-no-2-2017","status":"publish","type":"page","link":"http:\/\/www.etfos.unios.hr\/ijeces\/vol-8-no-2-2017\/","title":{"rendered":"Vol 8, No 2 (2017)"},"content":{"rendered":"<div  class=\"fusion-fullwidth fullwidth-box nonhundred-percent-fullwidth\"  style='background-color: rgba(255,255,255,0);background-position: left top;background-repeat: no-repeat;padding-top:20px;padding-right:0px;padding-bottom:20px;padding-left:0px;border-top-width:0px;border-bottom-width:0px;border-color:#eae9e9;border-top-style:;border-bottom-style:;'><div class=\"fusion-builder-row fusion-row \"><div  class=\"fusion-layout-column fusion_builder_column fusion_builder_column_1_1  fusion-one-full fusion-column-first fusion-column-last fusion-column-no-min-height 1_1\"  style='margin-top:0px;margin-bottom:0px;width:100%'>\n\t\t\t<div class=\"fusion-column-wrapper\" style=\"background-position:left top;background-repeat:no-repeat;-webkit-background-size:cover;-moz-background-size:cover;-o-background-size:cover;background-size:cover;\"  data-bg-url=\"\">\n\t\t\t\t<div class=\"fusion-title title fusion-title-size-two\" style=\"margin-top:0px;margin-bottom:31px;\"><h2 class=\"title-heading-left\">Vol 8, No 2<\/h2><div class=\"title-sep-container\"><div class=\"title-sep sep-single sep-dashed\" style=\"border-color:#1e73be;\"><\/div><\/div><\/div><div class=\"fusion-clearfix\"><\/div>\n\n\t\t\t<\/div>\n\t\t<\/div><\/div><\/div><div  class=\"fusion-fullwidth fullwidth-box hundred-percent-fullwidth\"  style='background-color: rgba(255,255,255,0);background-position: center center;background-repeat: no-repeat;padding-top:0px;padding-right:0px;padding-bottom:0px;padding-left:0px;'><div class=\"fusion-builder-row fusion-row \"><div  class=\"fusion-layout-column fusion_builder_column fusion_builder_column_1_3  fusion-one-third fusion-column-first 1_3\"  style='margin-top:0px;margin-bottom:20px;width:30.6666%; margin-right: 4%;'>\n\t\t\t<div class=\"fusion-column-wrapper\" style=\"background-position:left top;background-repeat:no-repeat;-webkit-background-size:cover;-moz-background-size:cover;-o-background-size:cover;background-size:cover;\"  data-bg-url=\"\">\n\t\t\t\t<span class=\"fusion-imageframe imageframe-none imageframe-1 hover-type-none\"><img loading=\"lazy\" src=\"http:\/\/www.etfos.unios.hr\/ijeces\/wp-content\/covers\/0802.jpg\" width=\"\" height=\"\" alt=\"\" title=\"\" class=\"img-responsive\"\/><\/span><div class=\"fusion-clearfix\"><\/div>\n\n\t\t\t<\/div>\n\t\t<\/div><div  class=\"fusion-layout-column fusion_builder_column fusion_builder_column_2_3  fusion-two-third fusion-column-last 2_3\"  style='margin-top:0px;margin-bottom:20px;width:65.3333%'>\n\t\t\t<div class=\"fusion-column-wrapper\" style=\"background-position:left top;background-repeat:no-repeat;-webkit-background-size:cover;-moz-background-size:cover;-o-background-size:cover;background-size:cover;\"  data-bg-url=\"\">\n\t\t\t\t<table style=\"height: 200px;\" border=\"0\" width=\"731\">\n<tbody>\n<tr>\n<td width=\"44\"><a href=\"http:\/\/www.etfos.unios.hr\/ijeces\/wp-content\/uploads\/2018\/01\/01-08-02.pdf\" target=\"_blank\"><div class=\"alignleft\"><i class=\"fa fontawesome-icon fa-download circle-yes\" style=\"background-color:#1e73be;font-size:8.8px;line-height:17.6px;height:17.6px;width:17.6px;margin-right:5px;color:#ffffff;\"><\/i><\/div><\/a><\/td>\n<td width=\"500\"><strong><a title=\"The Impact of Information System Risk Management on the Frequency and Intensity of Security Incidents\" href=\"http:\/\/www.etfos.unios.hr\/ijeces\/papers\/the-impact-of-information-system-risk-management-on-the-frequency-and-intensity-of-security-incidents\/\" target=\"_blank\">The Impact of Information System Risk Management on the Frequency and Intensity of Security Incidents<\/a><\/strong><br><em>Hrvoje O\u010dev\u010di\u0107, Kre\u0161imir Nenadi\u0107, Kre\u0161imir \u0160oli\u0107, Tomislav Keser.<\/em><\/td>\n<td style=\"text-align: right;\" width=\"37\"><strong>41-46<\/strong><\/td>\n<\/tr>\n<tr>\n<td width=\"44\"><a href=\"http:\/\/www.etfos.unios.hr\/ijeces\/wp-content\/uploads\/2018\/01\/02-08-02.pdf\" target=\"_blank\"><div class=\"alignleft\"><i class=\"fa fontawesome-icon fa-download circle-yes\" style=\"background-color:#1e73be;font-size:8.8px;line-height:17.6px;height:17.6px;width:17.6px;margin-right:5px;color:#ffffff;\"><\/i><\/div><\/a><\/td>\n<td width=\"500\"><strong><a title=\"Thermal and Arc Flash Analysis of Electric Motor Drives in Distribution Networks\" href=\"http:\/\/www.etfos.unios.hr\/ijeces\/papers\/thermal-and-arc-flash-analysis-of-electric-motor-drives-in-distribution-networks\/\" target=\"_blank\">Thermal and Arc Flash Analysis of Electric Motor Drives in Distribution Networks<\/a><\/strong><br><em>Srete Nikolovski, Dragan Mlaki\u0107, Emir Aliba\u0161i\u0107.<\/em><\/td>\n<td style=\"text-align: right;\" width=\"37\"><strong>47-57<\/strong><\/td>\n<\/tr>\n<tr>\n<td width=\"44\"><a href=\"http:\/\/www.etfos.unios.hr\/ijeces\/wp-content\/uploads\/2018\/01\/03-08-02.pdf\" target=\"_blank\"><div class=\"alignleft\"><i class=\"fa fontawesome-icon fa-download circle-yes\" style=\"background-color:#1e73be;font-size:8.8px;line-height:17.6px;height:17.6px;width:17.6px;margin-right:5px;color:#ffffff;\"><\/i><\/div><\/a><\/td>\n<td width=\"500\"><strong><a title=\"Limitations of Bifurcation Diagrams in Boost Converter Steady-State Response Identification\" href=\"http:\/\/www.etfos.unios.hr\/ijeces\/papers\/limitations-of-bifurcation-diagrams-in-boost-converter-steady-state-response-identification\/\" target=\"_blank\">Limitations of Bifurcation Diagrams in Boost Converter Steady-State Response Identification<\/a><\/strong><br><em>\u017deljko Stojanovi\u0107, Denis Pelin.<\/em><\/td>\n<td style=\"text-align: right;\" width=\"37\"><strong>59-65<\/strong><\/td>\n<\/tr>\n<tr>\n<td width=\"44\"><a href=\"http:\/\/www.etfos.unios.hr\/ijeces\/wp-content\/uploads\/2018\/01\/04-08-02.pdf\" target=\"_blank\"><div class=\"alignleft\"><i class=\"fa fontawesome-icon fa-download circle-yes\" style=\"background-color:#1e73be;font-size:8.8px;line-height:17.6px;height:17.6px;width:17.6px;margin-right:5px;color:#ffffff;\"><\/i><\/div><\/a><\/td>\n<td width=\"500\"><strong><a title=\"Digital Marketing in the Business Environment\" href=\"http:\/\/www.etfos.unios.hr\/ijeces\/papers\/digital-marketing-in-the-business-environment\/\" target=\"_blank\">Digital Marketing in the Business Environment<\/a><\/strong><br><em>Marin I\u0161tvani\u0107, Dominika Crnjac Mili\u0107, Zdravko Krpi\u0107.<\/em><\/td>\n<td style=\"text-align: right;\" width=\"37\"><strong>67-75<\/strong><\/td>\n<\/tr>\n<tr>\n<td width=\"44\"><a href=\"http:\/\/www.etfos.unios.hr\/ijeces\/wp-content\/uploads\/2018\/01\/05-08-02.pdf\" target=\"_blank\"><div class=\"alignleft\"><i class=\"fa fontawesome-icon fa-download circle-yes\" style=\"background-color:#1e73be;font-size:8.8px;line-height:17.6px;height:17.6px;width:17.6px;margin-right:5px;color:#ffffff;\"><\/i><\/div><\/a><\/td>\n<td width=\"500\"><strong><a title=\"Symmetrical Short-Circuit Parameters Comparison of DFIG\u2013WT\" href=\"http:\/\/www.etfos.unios.hr\/ijeces\/papers\/symmetrical-short-circuit-parameters-comparison-of-dfig-wt\/\" target=\"_blank\">Symmetrical Short-Circuit Parameters Comparison of DFIG\u2013WT<\/a><\/strong><br><em>Muhammad Shahzad Nazir, Qinghua Wu, Mengshi Li.<\/em><\/td>\n<td style=\"text-align: right;\" width=\"37\"><strong>77-83<\/strong><\/td>\n<\/tr>\n<\/tbody>\n<\/table>\n<div class=\"fusion-clearfix\"><\/div>\n\n\t\t\t<\/div>\n\t\t<\/div><\/div><\/div>\n","protected":false},"excerpt":{"rendered":"","protected":false},"author":2,"featured_media":0,"parent":0,"menu_order":0,"comment_status":"closed","ping_status":"closed","template":"","meta":[],"_links":{"self":[{"href":"http:\/\/www.etfos.unios.hr\/ijeces\/wp-json\/wp\/v2\/pages\/1266"}],"collection":[{"href":"http:\/\/www.etfos.unios.hr\/ijeces\/wp-json\/wp\/v2\/pages"}],"about":[{"href":"http:\/\/www.etfos.unios.hr\/ijeces\/wp-json\/wp\/v2\/types\/page"}],"author":[{"embeddable":true,"href":"http:\/\/www.etfos.unios.hr\/ijeces\/wp-json\/wp\/v2\/users\/2"}],"replies":[{"embeddable":true,"href":"http:\/\/www.etfos.unios.hr\/ijeces\/wp-json\/wp\/v2\/comments?post=1266"}],"version-history":[{"count":1,"href":"http:\/\/www.etfos.unios.hr\/ijeces\/wp-json\/wp\/v2\/pages\/1266\/revisions"}],"predecessor-version":[{"id":1267,"href":"http:\/\/www.etfos.unios.hr\/ijeces\/wp-json\/wp\/v2\/pages\/1266\/revisions\/1267"}],"wp:attachment":[{"href":"http:\/\/www.etfos.unios.hr\/ijeces\/wp-json\/wp\/v2\/media?parent=1266"}],"curies":[{"name":"wp","href":"https:\/\/api.w.org\/{rel}","templated":true}]}}