{"id":2616,"date":"2020-06-24T10:53:03","date_gmt":"2020-06-24T10:53:03","guid":{"rendered":"http:\/\/www.etfos.unios.hr\/ijeces\/?page_id=2616"},"modified":"2020-06-24T10:53:03","modified_gmt":"2020-06-24T10:53:03","slug":"vol-11-no-2-2020","status":"publish","type":"page","link":"http:\/\/www.etfos.unios.hr\/ijeces\/vol-11-no-2-2020\/","title":{"rendered":"Vol 11, No 2 (2020)"},"content":{"rendered":"<div  class=\"fusion-fullwidth fullwidth-box nonhundred-percent-fullwidth\"  style='background-color: rgba(255,255,255,0);background-position: left top;background-repeat: no-repeat;padding-top:20px;padding-right:0px;padding-bottom:20px;padding-left:0px;border-top-width:0px;border-bottom-width:0px;border-color:#eae9e9;border-top-style:;border-bottom-style:;'><div class=\"fusion-builder-row fusion-row \"><div  class=\"fusion-layout-column fusion_builder_column fusion_builder_column_1_1  fusion-one-full fusion-column-first fusion-column-last fusion-column-no-min-height 1_1\"  style='margin-top:0px;margin-bottom:0px;width:100%'>\n\t\t\t<div class=\"fusion-column-wrapper\" style=\"background-position:left top;background-repeat:no-repeat;-webkit-background-size:cover;-moz-background-size:cover;-o-background-size:cover;background-size:cover;\"  data-bg-url=\"\">\n\t\t\t\t<div class=\"fusion-title title fusion-title-size-two\" style=\"margin-top:0px;margin-bottom:31px;\"><h2 class=\"title-heading-left\">Vol 11, No 2<\/h2><div class=\"title-sep-container\"><div class=\"title-sep sep-single sep-dashed\" style=\"border-color:#1e73be;\"><\/div><\/div><\/div><div class=\"fusion-clearfix\"><\/div>\n\n\t\t\t<\/div>\n\t\t<\/div><\/div><\/div><div  class=\"fusion-fullwidth fullwidth-box hundred-percent-fullwidth\"  style='background-color: rgba(255,255,255,0);background-position: center center;background-repeat: no-repeat;padding-top:0px;padding-right:0px;padding-bottom:0px;padding-left:0px;'><div class=\"fusion-builder-row fusion-row \"><div  class=\"fusion-layout-column fusion_builder_column fusion_builder_column_1_3  fusion-one-third fusion-column-first 1_3\"  style='margin-top:0px;margin-bottom:20px;width:30.6666%; margin-right: 4%;'>\n\t\t\t<div class=\"fusion-column-wrapper\" style=\"background-position:left top;background-repeat:no-repeat;-webkit-background-size:cover;-moz-background-size:cover;-o-background-size:cover;background-size:cover;\"  data-bg-url=\"\">\n\t\t\t\t<span class=\"fusion-imageframe imageframe-none imageframe-1 hover-type-none\"><img loading=\"lazy\" src=\"http:\/\/www.etfos.unios.hr\/ijeces\/wp-content\/covers\/1102.jpg\" width=\"\" height=\"\" alt=\"\" title=\"\" class=\"img-responsive\"\/><\/span><div class=\"fusion-clearfix\"><\/div>\n\n\t\t\t<\/div>\n\t\t<\/div><div  class=\"fusion-layout-column fusion_builder_column fusion_builder_column_2_3  fusion-two-third fusion-column-last 2_3\"  style='margin-top:0px;margin-bottom:20px;width:65.3333%'>\n\t\t\t<div class=\"fusion-column-wrapper\" style=\"background-position:left top;background-repeat:no-repeat;-webkit-background-size:cover;-moz-background-size:cover;-o-background-size:cover;background-size:cover;\"  data-bg-url=\"\">\n\t\t\t\t<table style=\"height: 200px;\" border=\"0\" width=\"731\">\n<tbody>\n<tr>\n<td width=\"44\"><a href=\"http:\/\/www.etfos.unios.hr\/ijeces\/wp-content\/uploads\/2020\/06\/11-02-01.pdf\" target=\"_blank\"><div class=\"alignleft\"><i class=\"fa fontawesome-icon fa-download circle-yes\" style=\"background-color:#1e73be;font-size:8.8px;line-height:17.6px;height:17.6px;width:17.6px;margin-right:5px;color:#ffffff;\"><\/i><\/div><\/a><\/td>\n<td width=\"500\"><strong><a title=\"Robust A*-Search Image Segmentation Algorithm for Mine-like Objects Segmentation in SONAR Images\" href=\"http:\/\/www.etfos.unios.hr\/ijeces\/papers\/robust-a-search-image-segmentation-algorithm-for-mine-like-objects-segmentation-in-sonar-images\/\" target=\"_blank\">Robust A*-Search Image Segmentation Algorithm for Mine-like Objects Segmentation in SONAR Images<\/a><\/strong><br><em>Ivan Aleksi, Tomislav Mati\u0107, Benjamin Lehmann, Dieter Kraus.<\/em><\/td>\n<td style=\"text-align: right;\" width=\"37\"><strong>53-66<\/strong><\/td>\n<\/tr>\n<tr>\n<td width=\"44\"><a href=\"http:\/\/www.etfos.unios.hr\/ijeces\/wp-content\/uploads\/2020\/06\/11-02-02.pdf\" target=\"_blank\"><div class=\"alignleft\"><i class=\"fa fontawesome-icon fa-download circle-yes\" style=\"background-color:#1e73be;font-size:8.8px;line-height:17.6px;height:17.6px;width:17.6px;margin-right:5px;color:#ffffff;\"><\/i><\/div><\/a><\/td>\n<td width=\"500\"><strong><a title=\"Experimental Evaluation of Desktop Operating Systems Networking Performance\" href=\"http:\/\/www.etfos.unios.hr\/ijeces\/papers\/experimental-evaluation-of-desktop-operating-systems-networking-performance\/\" target=\"_blank\">Experimental Evaluation of Desktop Operating Systems Networking Performance<\/a><\/strong><br><em>Kre\u0161imir Vdovjak, Josip Balen, Kre\u0161imir Nenadi\u0107.<\/em><\/td>\n<td style=\"text-align: right;\" width=\"37\"><strong>67-76<\/strong><\/td>\n<\/tr>\n<tr>\n<td width=\"44\"><a href=\"http:\/\/www.etfos.unios.hr\/ijeces\/wp-content\/uploads\/2020\/07\/11-02-03.pdf\" target=\"_blank\"><div class=\"alignleft\"><i class=\"fa fontawesome-icon fa-download circle-yes\" style=\"background-color:#1e73be;font-size:8.8px;line-height:17.6px;height:17.6px;width:17.6px;margin-right:5px;color:#ffffff;\"><\/i><\/div><\/a><\/td>\n<td width=\"500\"><strong><a title=\"Crowd Modeling and Simulation for Safer Building Design\" href=\"http:\/\/www.etfos.unios.hr\/ijeces\/papers\/crowd-modeling-and-simulation-for-safer-building-design\/\" target=\"_blank\">Crowd Modeling and Simulation for Safer Building Design<\/a><\/strong><br><em>Hazlina Selamat, Nurulaqilla Khamis, Nuritaasma Mohd Ghani.<\/em><\/td>\n<td style=\"text-align: right;\" width=\"37\"><strong>77-88<\/strong><\/td>\n<\/tr>\n<tr>\n<td width=\"44\"><a href=\"http:\/\/www.etfos.unios.hr\/ijeces\/wp-content\/uploads\/2020\/07\/11-02-04.pdf\" target=\"_blank\"><div class=\"alignleft\"><i class=\"fa fontawesome-icon fa-download circle-yes\" style=\"background-color:#1e73be;font-size:8.8px;line-height:17.6px;height:17.6px;width:17.6px;margin-right:5px;color:#ffffff;\"><\/i><\/div><\/a><\/td>\n<td width=\"500\"><strong><a title=\"A Promising Wavelet Decomposition \u2013NNARX Model to Predict Flood: Application to Kelantan River Flood\" href=\"http:\/\/www.etfos.unios.hr\/ijeces\/papers\/a-promising-wavelet-decomposition-nnarx-model-to-predict-flood-application-to-kelantan-river-flood\/\" target=\"_blank\">A Promising Wavelet Decomposition \u2013NNARX Model to Predict Flood: Application to Kelantan River Flood<\/a><\/strong><br><em>Mohd Azrol Syafiee Anuar, Ribhan Zafira Abdul Rahman, Azura Che Soh, Samsul Bahari Mohd Noor, Zed Diyana Zulkafli.<\/em><\/td>\n<td style=\"text-align: right;\" width=\"37\"><strong>89-99<\/strong><\/td>\n<\/tr>\n<tr>\n<td width=\"44\"><a href=\"http:\/\/www.etfos.unios.hr\/ijeces\/wp-content\/uploads\/2020\/07\/11-02-05.pdf\" target=\"_blank\"><div class=\"alignleft\"><i class=\"fa fontawesome-icon fa-download circle-yes\" style=\"background-color:#1e73be;font-size:8.8px;line-height:17.6px;height:17.6px;width:17.6px;margin-right:5px;color:#ffffff;\"><\/i><\/div><\/a><\/td>\n<td width=\"500\"><strong><a title=\"Electricity efficiency of auxiliary power systems in coal thermal power plant\" href=\"http:\/\/www.etfos.unios.hr\/ijeces\/papers\/electricity-efficiency-of-auxiliary-power-systems-in-coal-thermal-power-plant\/\" target=\"_blank\">Electricity efficiency of auxiliary power systems in coal thermal power plant<\/a><\/strong><br><em>Azrina Mujanovi\u0107, Tatjana Konji\u0107, Adisa Dedi\u0107.<\/em><\/td>\n<td style=\"text-align: right;\" width=\"37\"><strong>101-110<\/strong><\/td>\n<\/tr>\n<tr>\n<td width=\"44\"><a href=\"http:\/\/www.etfos.unios.hr\/ijeces\/wp-content\/uploads\/2020\/07\/11-02-06-1.pdf\" target=\"_blank\"><div class=\"alignleft\"><i class=\"fa fontawesome-icon fa-download circle-yes\" style=\"background-color:#1e73be;font-size:8.8px;line-height:17.6px;height:17.6px;width:17.6px;margin-right:5px;color:#ffffff;\"><\/i><\/div><\/a><\/td>\n<td width=\"500\"><strong><a title=\"Deep learning based approach for optic disc and optic cup semantic segmentation for glaucoma analysis in retinal fundus images\" href=\"http:\/\/www.etfos.unios.hr\/ijeces\/papers\/deep-learning-based-approach-for-optic-disc-and-optic-cup-semantic-segmentation-for-glaucoma-analysis-in-retinal-fundus-images\/\" target=\"_blank\">Deep learning based approach for optic disc and optic cup semantic segmentation for glaucoma analysis in retinal fundus images<\/a><\/strong><br><em>Dunja Bo\u017ei\u0107-\u0160tuli\u0107, Maja Braovi\u0107, Darko Stipani\u010dev.<\/em><\/td>\n<td style=\"text-align: right;\" width=\"37\"><strong>111-120<\/strong><\/td>\n<\/tr>\n<\/tbody>\n<\/table>\n<div class=\"fusion-clearfix\"><\/div>\n\n\t\t\t<\/div>\n\t\t<\/div><\/div><\/div>\n","protected":false},"excerpt":{"rendered":"","protected":false},"author":2,"featured_media":0,"parent":0,"menu_order":0,"comment_status":"closed","ping_status":"closed","template":"","meta":[],"_links":{"self":[{"href":"http:\/\/www.etfos.unios.hr\/ijeces\/wp-json\/wp\/v2\/pages\/2616"}],"collection":[{"href":"http:\/\/www.etfos.unios.hr\/ijeces\/wp-json\/wp\/v2\/pages"}],"about":[{"href":"http:\/\/www.etfos.unios.hr\/ijeces\/wp-json\/wp\/v2\/types\/page"}],"author":[{"embeddable":true,"href":"http:\/\/www.etfos.unios.hr\/ijeces\/wp-json\/wp\/v2\/users\/2"}],"replies":[{"embeddable":true,"href":"http:\/\/www.etfos.unios.hr\/ijeces\/wp-json\/wp\/v2\/comments?post=2616"}],"version-history":[{"count":1,"href":"http:\/\/www.etfos.unios.hr\/ijeces\/wp-json\/wp\/v2\/pages\/2616\/revisions"}],"predecessor-version":[{"id":2617,"href":"http:\/\/www.etfos.unios.hr\/ijeces\/wp-json\/wp\/v2\/pages\/2616\/revisions\/2617"}],"wp:attachment":[{"href":"http:\/\/www.etfos.unios.hr\/ijeces\/wp-json\/wp\/v2\/media?parent=2616"}],"curies":[{"name":"wp","href":"https:\/\/api.w.org\/{rel}","templated":true}]}}